{"id":835,"date":"2025-11-19T09:10:06","date_gmt":"2025-11-19T08:10:06","guid":{"rendered":"https:\/\/rapemoulinette.fr\/?page_id=835"},"modified":"2025-11-19T14:16:58","modified_gmt":"2025-11-19T13:16:58","slug":"expos","status":"publish","type":"page","link":"https:\/\/rapemoulinette.fr\/index.php\/expos\/","title":{"rendered":"Expos"},"content":{"rendered":"\n<p>Il nous arrive d&rsquo;exposer tous ces beaux collages. Environ 250 originaux, de formats variables entre l&rsquo;A5 et l&rsquo;A3, \u00e7a peut couvrir une belle surface de murs &#8230; <\/p>\n\n\n\n<p>N&rsquo;h\u00e9sitez pas \u00e0 nous contacter pour en savoir plus \u00e0 rapemoulinette [arobase] gmail.com<\/p>\n\n\n\n<div class=\"wp-block-columns is-layout-flex wp-container-core-columns-is-layout-9d6595d7 wp-block-columns-is-layout-flex\">\n<div class=\"wp-block-column is-layout-flow wp-block-column-is-layout-flow\">\n<figure class=\"wp-block-image size-large\"><img loading=\"lazy\" decoding=\"async\" width=\"724\" height=\"1024\" src=\"https:\/\/rapemoulinette.fr\/wp-content\/uploads\/2020\/10\/186da975f9dc17f328cfbf7255a1939be9bb7f00-724x1024.jpg\" alt=\"\" class=\"wp-image-67\" srcset=\"https:\/\/rapemoulinette.fr\/wp-content\/uploads\/2020\/10\/186da975f9dc17f328cfbf7255a1939be9bb7f00-724x1024.jpg 724w, https:\/\/rapemoulinette.fr\/wp-content\/uploads\/2020\/10\/186da975f9dc17f328cfbf7255a1939be9bb7f00-212x300.jpg 212w, https:\/\/rapemoulinette.fr\/wp-content\/uploads\/2020\/10\/186da975f9dc17f328cfbf7255a1939be9bb7f00-768x1086.jpg 768w, https:\/\/rapemoulinette.fr\/wp-content\/uploads\/2020\/10\/186da975f9dc17f328cfbf7255a1939be9bb7f00-1086x1536.jpg 1086w, https:\/\/rapemoulinette.fr\/wp-content\/uploads\/2020\/10\/186da975f9dc17f328cfbf7255a1939be9bb7f00.jpg 1280w\" sizes=\"auto, (max-width: 724px) 100vw, 724px\" \/><\/figure>\n<\/div>\n\n\n\n<div class=\"wp-block-column is-layout-flow wp-block-column-is-layout-flow\">\n<figure class=\"wp-block-image size-large\"><img loading=\"lazy\" decoding=\"async\" width=\"724\" height=\"1024\" src=\"https:\/\/rapemoulinette.fr\/wp-content\/uploads\/2020\/07\/43db7e9cff63b92de7e64debe8155e06073e0ff4-724x1024.jpg\" alt=\"\" class=\"wp-image-69\" srcset=\"https:\/\/rapemoulinette.fr\/wp-content\/uploads\/2020\/07\/43db7e9cff63b92de7e64debe8155e06073e0ff4-724x1024.jpg 724w, https:\/\/rapemoulinette.fr\/wp-content\/uploads\/2020\/07\/43db7e9cff63b92de7e64debe8155e06073e0ff4-212x300.jpg 212w, https:\/\/rapemoulinette.fr\/wp-content\/uploads\/2020\/07\/43db7e9cff63b92de7e64debe8155e06073e0ff4-768x1087.jpg 768w, https:\/\/rapemoulinette.fr\/wp-content\/uploads\/2020\/07\/43db7e9cff63b92de7e64debe8155e06073e0ff4-1086x1536.jpg 1086w, https:\/\/rapemoulinette.fr\/wp-content\/uploads\/2020\/07\/43db7e9cff63b92de7e64debe8155e06073e0ff4.jpg 1169w\" sizes=\"auto, (max-width: 724px) 100vw, 724px\" \/><\/figure>\n<\/div>\n\n\n\n<div class=\"wp-block-column is-layout-flow wp-block-column-is-layout-flow\">\n<figure class=\"wp-block-image size-full\"><img loading=\"lazy\" decoding=\"async\" width=\"703\" height=\"994\" src=\"https:\/\/rapemoulinette.fr\/wp-content\/uploads\/2013\/03\/tumblr_mkbccmlcs21rjjqsto1_1280.jpg\" alt=\"\" class=\"wp-image-274\" srcset=\"https:\/\/rapemoulinette.fr\/wp-content\/uploads\/2013\/03\/tumblr_mkbccmlcs21rjjqsto1_1280.jpg 703w, https:\/\/rapemoulinette.fr\/wp-content\/uploads\/2013\/03\/tumblr_mkbccmlcs21rjjqsto1_1280-212x300.jpg 212w\" sizes=\"auto, (max-width: 703px) 100vw, 703px\" \/><\/figure>\n<\/div>\n<\/div>\n\n\n\n<p>Expos pass\u00e9es :<\/p>\n\n\n\n<p>  &#8211; <strong>Le Grand Caf\u00e9 <\/strong>\/\/ Felletin \/\/ <em>Mars 2025<\/em><br>  &#8211;<strong> La Quincaillerie num\u00e9rique<\/strong> \/\/ Gu\u00e9ret \/\/<em> 5 octobre au 28 novembre 2020<\/em><br>  &#8211; <strong>L&rsquo;Atelier<\/strong> \/\/ Roy\u00e8re de Vassivi\u00e8re \/\/ <em>16 juin au 31 aout 2020<\/em><br>  &#8211; <strong>M\u00e9diath\u00e8que<\/strong> \/\/ Felletin \/\/ <em>mars 2015<\/em><br>  &#8211; <strong>Au fabuleux destin<\/strong> \/\/ Aubusson \/\/ <em>6 au 27 avril 2013<\/em><br><\/p>\n\n\n\n<p><\/p>\n","protected":false},"excerpt":{"rendered":"<p>Il nous arrive d&rsquo;exposer tous ces beaux collages. Environ 250 originaux, de formats variables entre l&rsquo;A5 et l&rsquo;A3, \u00e7a peut couvrir une belle surface de murs &#8230; N&rsquo;h\u00e9sitez pas \u00e0 nous contacter pour en savoir plus \u00e0 rapemoulinette [arobase] gmail.com Expos pass\u00e9es : &#8211; Le Grand Caf\u00e9 \/\/ Felletin \/\/ Mars 2025 &#8211; La Quincaillerie [&hellip;]<\/p>\n","protected":false},"author":1,"featured_media":0,"parent":0,"menu_order":0,"comment_status":"closed","ping_status":"closed","template":"","meta":{"footnotes":""},"class_list":["post-835","page","type-page","status-publish","hentry","missing-thumbnail"],"jetpack_sharing_enabled":true,"_links":{"self":[{"href":"https:\/\/rapemoulinette.fr\/index.php\/wp-json\/wp\/v2\/pages\/835","targetHints":{"allow":["GET"]}}],"collection":[{"href":"https:\/\/rapemoulinette.fr\/index.php\/wp-json\/wp\/v2\/pages"}],"about":[{"href":"https:\/\/rapemoulinette.fr\/index.php\/wp-json\/wp\/v2\/types\/page"}],"author":[{"embeddable":true,"href":"https:\/\/rapemoulinette.fr\/index.php\/wp-json\/wp\/v2\/users\/1"}],"replies":[{"embeddable":true,"href":"https:\/\/rapemoulinette.fr\/index.php\/wp-json\/wp\/v2\/comments?post=835"}],"version-history":[{"count":5,"href":"https:\/\/rapemoulinette.fr\/index.php\/wp-json\/wp\/v2\/pages\/835\/revisions"}],"predecessor-version":[{"id":858,"href":"https:\/\/rapemoulinette.fr\/index.php\/wp-json\/wp\/v2\/pages\/835\/revisions\/858"}],"wp:attachment":[{"href":"https:\/\/rapemoulinette.fr\/index.php\/wp-json\/wp\/v2\/media?parent=835"}],"curies":[{"name":"wp","href":"https:\/\/api.w.org\/{rel}","templated":true}]}}